12).
24
Suppose -2296 = 138*m - 152*m. What is the remainder when 4425 is divided by m?
161
Suppose 5*u + 7 = -2*u. Let c be (2/((-2)/3))/(-1) + u. Suppose -c*j - 4 = -3*j, 5*s - 4*j - 634 = 0. What is the remainder when s is divided by 33?
31
Suppose -19*o + 221 = -26. Calculate the remainder when 320 is divided by o.
8
Calculate the remainder when (1 + (7 - 150/18))*-2613 is divided by 146.
141
Let s(y) = -45*y - 51. Let k be s(3). Let t = k + 215. What is the remainder when 138 is divided by t?
22
Suppose -148 = -k - p, 5*k = -2*p + 342 + 392. Calculate the remainder when 436 is divided by k.
144
Let g = 853 + -595. Suppose 3*i = 5*f + 7, -i = -0*i + 4*f - 25. Suppose -i*m + 48 + g = 0. Calculate the remainder when 67 is divided by m.
33
Suppose 29*x + 13*x - 1134 = 0. Calculate the remainder when 395 is divided by x.
17
Suppose 3*d - 31 = -2*t + t, -t - 2*d = -34. Calculate the remainder when 123 is divided by t.
3
Suppose 3*x - f = 18, 2*x - f - 25 = -2*x. Let p = -313 + 510. Let a = -194 + p. What is the remainder when x is divided by a?
1
Suppose -16*w - 4300 = -5308. Suppose 2*s + s = -4*r + 78, -4*r - 54 = -3*s. What is the remainder when w is divided by s?
19
What is the remainder when (-8)/(-6) + (-229616)/(-48) is divided by 114?
111
Suppose 6705 + 6255 = 72*c. Suppose -70 = 6*a - 256. What is the remainder when c is divided by a?
25
Suppose 0*w + 48 = 3*w. What is the remainder when 456/323*(-1683)/(-22) is divided by w?
12
Suppose 242 + 77 = z - 2*g, z - 5*g - 304 = 0. Let y = 352 - z. Calculate the remainder when 117 is divided by y.
2
Let u(z) = -19*z**3 - 6. Let d be u(2). Let k = d - -164. Calculate the remainder when 160/7 + 2/14 is divided by k.
5
Suppose -2*y = 3*y - 75. Let j(l) = 2*l - 2. Let v be j(4). Calculate the remainder when (v - 8) + (0 - -60) is divided by y.
13
Let u(r) = 7*r**3 + 4*r**2 - 2*r - 4. Let j be u(-3). Let a = 180 + j. Calculate the remainder when 115 is divided by a.
28
Suppose 180*f - 1812 = 27*f - 218*f + 13028. Let p(k) = k**2 - 2*k + 1. Calculate the remainder when f is divided by p(5).
8
Suppose 89 + 79 = 28*f. Calculate the remainder when 90/(-24)*(-40)/f is divided by 8.
1
Suppose 0 = q - 281*m + 277*m + 3, 5*q + 2*m = 73. Calculate the remainder when 3026 is divided by q.
10
Suppose 9*b + 22 = 2*r + 13*b, -r = 5*b - 5. What is the remainder when 1782 is divided by r?
12
Let m = -13 + 26. Suppose 4 = o, 2*o = 4*y - 0*y - 2592. Let z = y + -617. Calculate the remainder when z is divided by m.
7
Let q be 2 + 13 - (-8 - -11). Suppose 938 + 1930 = q*i. Calculate the remainder when i is divided by 16.
15
Suppose 3*l - 862 - 1400 = 0. Suppose -l = -14*k - 15*k. Suppose 0 = -2*t, -i + 4 = 2*t - 1. Calculate the remainder when k is divided by i.
1
Let g(c) = -c**3 - 18*c**2 + 30. Let y be g(-18). Let t(z) = -3*z**3 + 90*z**2 + z + 23. Calculate the remainder when t(y) is divided by 14.
11
Let x(q) = -2*q**3 - 21*q**2 - 55*q - 143. Calculate the remainder when x(-12) is divided by 38.
37
Let s(c) = -c**2 - c + 12. Suppose 14*i = 8*i + 390. Suppose 2*q = 5*k + i, 3*q = 5*k + 78 + 7. What is the remainder when q is divided by s(0)?
8
Suppose -12*y + 3318 = 4*h - 5*h, -1102 = -4*y + h. Calculate the remainder when 815 is divided by y.
261
Let i(b) = -4*b**2 - 33*b + 7. Let a be (94/(-14) - 1) + (-20)/70. Calculate the remainder when i(a) is divided by 9.
6
Suppose 0 = -4*v - 4*j + 4, -4*v + 1 = 2*j - 3. Let a(t) = 12*t - 1. What is the remainder when (-35)/(-2)*(-12)/(-5) is divided by a(v)?
9
Suppose 2*w - 851 = 69. Suppose 4*d + w = 8*d. Calculate the remainder when d is divided by 29.
28
Let t = -1 - -41. Calculate the remainder when 376 is divided by t/48 - 319/(-6).
52
Let p = 372 - 354. Suppose p*z = 20*z - 34. What is the remainder when 40 is divided by z?
6
Suppose -2314 = -189*d + 19232. Calculate the remainder when 1251 is divided by d.
111
Let g = -6828 + 7207. What is the remainder when g is divided by 3?
1
Suppose -113*l + 48348 = 16821. Calculate the remainder when 1137 is divided by l.
21
Suppose -z = 2*g - g - 1, -6 = 2*g. Suppose 4*w = d + z + 10, -5*d = w + 70. What is the remainder when 513/63 - (-2)/d is divided by 5?
3
Let b = 30 - -5. Suppose -5*k + 135 = -b. What is the remainder when k is divided by 318/27 - (-2)/9?
10
Suppose 0 = -37*d + 31*d + 24. Suppose -5*t + 123 = d*z, 5*z - 3*t = 93 + 70. Suppose 2*j - 105 = 81. Calculate the remainder when j is divided by z.
29
Let o(s) = s**2 - 42*s - 231. What is the remainder when o(68) is divided by 142?
117
Calculate the remainder when ((-16)/(-1))/(15 - 13) + 492 is divided by 233.
34
Let g = 1692 + -2462. Let d = g + 823. Suppose -53 = -5*m + 42. Calculate the remainder when d is divided by m.
15
Suppose 4807 = 18*y - 13877. Suppose y = 21*b + 51. Calculate the remainder when b is divided by 12.
11
Let v(q) = -q**3 - 18*q**2 - 11*q + 230. Calculate the remainder when 506 is divided by v(-17).
122
Let b = 2 - 0. Suppose 0 = 4*m + 5*k - 39, -2*k = 611*m - 615*m + 74. What is the remainder when b/7 + 1718/14 is divided by m?
11
Let l be 44/(-1) - (-2 + (-5 - -3)). Let p = 44 + l. Suppose -3*n = -p*n + 38. Calculate the remainder when n is divided by 10.
8
Let t(n) = -n**3 + 8*n**2 - 8*n + 13. Let r(c) = c**3 - 70*c**2 - 215*c + 72. Calculate the remainder when r(73) is divided by t(7).
4
Suppose 2*b + b = -111. Let f = -19 - b. Let x(v) = -46*v**2 - 374*v + 5. What is the remainder when x(-8) is divided by f?
17
Suppose -4*z + 11*z - 3864 = -7*z. Calculate the remainder when z is divided by 90.
6
Let g = -18 + 34. Let y = -16056 - -16117. Calculate the remainder when y is divided by g.
13
Suppose -30*w - 5920 = -178*w. Calculate the remainder when 357 is divided by w.
37
Suppose 0*k + 4*k = 80. Suppose -5*y + 30 = p, 7*p = 4*p + 2*y + 5. Suppose -230 = 3*l - p*l. What is the remainder when l is divided by k?
15
Suppose 0 = 8*h + 15*h - 644. What is the remainder when 1903 is divided by h?
27
Suppose 56 = 4*l + 12*c - 11*c, l - 25 = -3*c. Suppose 310 = -l*a + 44*a. Calculate the remainder when 138 is divided by a.
8
Let s(j) = -25 + 8 + 3*j - 9*j + 2*j**2 + 9. What is the remainder when s(-6) is divided by (-175)/((-10)/2) + -1?
32
Let w(o) = -2*o**3 - o**2 + o. Let i(p) = 23*p**3 + 4*p**2 - 3*p - 1. Let m(b) = i(b) + 3*w(b). Calculate the remainder when 25 is divided by m(1).
8
Suppose 432 = 140*w - 137*w. Calculate the remainder when w is divided by 30.
24
Suppose -4*p - 44*b + 612 = -48*b, 6*b = -2*p + 322. Calculate the remainder when 5269 is divided by p.
154
Let x = 2680 + -2612. What is the remainder when 1228 is divided by x?
4
Suppose 397*i - 90*i - 37730 = -232*i. What is the remainder when i is divided by (2 - (-20 + 1))*1?
7
Let c = -6 - 65. Calculate the remainder when c*-6*3/6 is divided by 54.
51
Suppose 2*i - 3*t = -6*t + 185, 0 = 5*i - 5*t - 475. Suppose 0 = 3*l - 2*d - 15, 0*l + 3*d = 5*l - 25. Calculate the remainder when i is divided by l.
4
Let h = -225 - -161. Let l = h - -58. Let b(k) = -4*k - 8. Calculate the remainder when b(l) is divided by 7.
2
Let g = -2417 - -2906. Calculate the remainder when g is divided by 12.
9
Let n(o) be the first derivative of -o**4/4 + 3*o**3 - 8*o**2 + 20*o + 57. What is the remainder when (150/35 + -3)*7 is divided by n(7)?
3
Let z(s) = -s**3 - 15*s**2 - 36*s - 22. Let l be z(-10). Let c = 169 + l. What is the remainder when (25 - -1)*(2 - 1) is divided by c?
5
Suppose 443 = 4*n - f, n + 3*f = -0*f + 114. Let h(u) = u**3 + 112*u**2 + 135*u + 2683. Calculate the remainder when n is divided by h(-111).
16
Suppose 40*p + 4*c = 36*p + 240, 294 = 5*p + 4*c. What is the remainder when 388 is divided by p?
10
Let i = -13 - -48. Suppose -4*y = 5*r - i, 0 - 7 = r - 2*y. Suppose -r*a + 30 = -a. What is the remainder when 51 is divided by a?
6
Suppose -13*g + 180 - 126 = -102. Calculate the remainder when (98 + -3)*(-2)/(-5) is divided by g.
2
Let d(c) = 7*c**2 - 29*c - 205. What is the remainder when 752 is divided by d(-5)?
62
Suppose 13*d - 252 + 174 = 0. Calculate the remainder when 407 is divided by d.
5
Suppose -3*f - 2*g + 28 = -f, 0 = -f + 5*g + 8. Let y(q) = q**2 - 11*q - 9. Calculate the remainder when 48 is divided by y(f).
14
Let t = 104 - 102. Suppose -2*g - t*g = -20. What